 is -301 + 13333213?
13332312
In base 7, what is -362462 - -33?
-362426
In base 2, what is 1111100101100101 + -110?
1111100101011111
In base 8, what is 50525 - -165?
50712
In base 16, what is 2 - -3a81d?
3a81f
In base 2, what is -10010101 - -1010011000?
1000000011
In base 3, what is -12 + 1021012021?
1021012002
In base 12, what is 7a744 - 4?
7a740
In base 10, what is 2 - 15915?
-15913
In base 13, what is -2984 - -70?
-2914
In base 8, what is -7 - -44255?
44246
In base 13, what is -a3 - 6203?
-62a6
In base 8, what is 5 + 12073?
12100
In base 13, what is 3941 + -14?
392a
In base 9, what is -10 - 15576?
-15586
In base 5, what is 3 - -211114?
211122
In base 6, what is -20 - -2015?
1555
In base 6, what is -13424 - 41?
-13505
In base 8, what is -120 - 5071?
-5211
In base 5, what is 0 + -41101442?
-41101442
In base 10, what is 578911 + -1?
578910
In base 5, what is -104433002 + 3?
-104432444
In base 15, what is 3e - -b3b?
b7a
In base 16, what is -5a4e + -4?
-5a52
In base 14, what is -9 + 14?
9
In base 5, what is -13 - 41443?
-42011
In base 7, what is -1 + 404643?
404642
In base 2, what is 1111101100000111 + -100001?
1111101011100110
In base 2, what is -1011 + -1001101101010?
-1001101110101
In base 5, what is -12 - -20011?
14444
In base 8, what is -105461 - -10?
-105451
In base 16, what is 3 + -87892?
-8788f
In base 11, what is -9219 + -a?
-9228
In base 3, what is 10000000020 - -12?
10000000102
In base 3, what is 100112 - 22221211?
-22121022
In base 9, what is 11220 - 11?
11208
In base 5, what is -23122 + 1?
-23121
In base 2, what is 1 + -10100011010101?
-10100011010100
In base 10, what is -83384 + -4?
-83388
In base 5, what is -2411220 + -3?
-2411223
In base 14, what is -2 - d8bc?
-d8c0
In base 9, what is 10115 + 215?
10331
In base 11, what is -9098 - -26?
-9072
In base 4, what is -20 + -1312?
-1332
In base 13, what is 2c5804 + 3?
2c5807
In base 11, what is -40 + -808?
-848
In base 5, what is -232104414 + 4?
-232104410
In base 7, what is 201650 - -15?
201665
In base 16, what is -2759 + -3?
-275c
In base 7, what is 3 + -2045643?
-2045640
In base 9, what is -40566 - 0?
-40566
In base 8, what is -46415 - -4?
-46411
In base 12, what is -b67b + 29?
-b652
In base 5, what is -2 - 4211333?
-4211340
In base 14, what is 20c3 - -4a?
212d
In base 11, what is -1 + 3900?
38aa
In base 8, what is -777 + 3742?
2743
In base 12, what is 5 - -13292?
13297
In base 3, what is 12 - -22200121?
22200210
In base 10, what is 1 + 1007316?
1007317
In base 13, what is -1 - 3652?
-3653
In base 5, what is -40201 - 322?
-41023
In base 11, what is 7a77a3 + -5?
7a7799
In base 15, what is -c8b7 - 12?
-c8c9
In base 5, what is 1 + 113134?
113140
In base 5, what is -421321 + 13?
-421303
In base 8, what is 6 + 314174?
314202
In base 15, what is 1 - 997d?
-997c
In base 5, what is -320 - -1420?
1100
In base 8, what is -1211564 - -2?
-1211562
In base 11, what is -8 - -1084?
1077
In base 16, what is 16 - -9149?
915f
In base 6, what is 3 + 25535005?
25535012
In base 11, what is -71 + 71?
0
In base 15, what is -53de + -21?
-5410
In base 8, what is -772 - 116?
-1110
In base 9, what is 434 - 143?
281
In base 8, what is 225 + 16?
243
In base 8, what is -3 + 1423504?
1423501
In base 16, what is -bfef + 4?
-bfeb
In base 4, what is -3 - 201120032?
-201120101
In base 16, what is -3 + 1c694?
1c691
In base 3, what is 110200100 + -21001?
110102022
In base 11, what is -11a2a - 0?
-11a2a
In base 8, what is -4 + -12736?
-12742
In base 9, what is -510 + 130?
-370
In base 2, what is -10101001000 - -101101000?
-1111100000
In base 13, what is -72a05 + 5?
-72a00
In base 16, what is 5d68 - -f?
5d77
In base 12, what is -5 + 4429a?
44295
In base 14, what is 34b70 - 1?
34b6d
In base 7, what is 10 - 44316?
-44306
In base 15, what is 90e - -a?
919
In base 5, what is -33 - 12214233?
-12214321
In base 9, what is -35530 + 0?
-35530
In base 12, what is -2 + -5bab?
-5bb1
In base 2, what is 11110 + 110010111010?
110011011000
In base 2, what is 111001 - 10011?
100110
In base 12, what is 3 + -18654?
-18651
In base 13, what is -25 + -232?
-257
In base 11, what is -656 - -32?
-624
In base 15, what is -3 - -1a560?
1a55c
In base 5, what is -2111313 + -21?
-2111334
In base 5, what is 131104 + 1?
131110
In base 7, what is 245 - -64200?
64445
In base 7, what is 0 - -2322?
2322
In base 11, what is 2 - 4579?
-4577
In base 4, what is 0 + -23103000?
-23103000
In base 15, what is -31977 + 3?
-31974
In base 13, what is -5 + a5497?
a5492
In base 14, what is 1 + 7869?
786a
In base 10, what is -17 - -7582?
7565
In base 11, what is a36 + 81?
1007
In base 3, what is -122 + 1221010?
1220111
In base 14, what is -2 - a5042?
-a5044
In base 11, what is 4 - -7803?
7807
In base 12, what is 595 - -89?
662
In base 10, what is 38 + -26169?
-26131
In base 13, what is -382b + 9?
-3822
In base 11, what is -21a077 + 5?
-21a072
In base 4, what is 210 - 12?
132
In base 12, what is -94 - 4a4?
-578
In base 12, what is -5 - 81657?
-81660
In base 13, what is -15b916 + 2?
-15b914
In base 9, what is 4 + -83638?
-83634
In base 11, what is -3 - 20786?
-20789
In base 7, what is -1 + 4564615?
4564614
In base 10, what is 3636 - 28?
3608
In base 11, what is -2 - -103a5?
103a3
In base 3, what is 11 + 2120110111?
2120110122
In base 9, what is -308541 + 3?
-308537
In base 10, what is -19 - 6463?
-6482
In base 5, what is -12 - -24224?
24212
In base 10, what is -55199 + -6?
-55205
In base 15, what is 1db5 - bb?
1ce9
In base 12, what is -3 + -202a8b?
-202a92
In base 2, what is 10 + -110101011110101?
-110101011110011
In base 15, what is -a + 48b3c?
48b32
In base 14, what is 40a19 - -1c?
40a37
In base 10, what is -320196 - -3?
-320193
In base 14, what is -1731 - -1dc?
-1533
In base 7, what is -2 + -1042140?
-1042142
In base 3, what is -12 + -21022212202?
-21022212221
In base 3, what is 11 - -1221200110?
1221200121
In base 7, what is -104555 - 2?
-104560
In base 16, what is 3 + -1c13?
-1c10
In base 9, what is 23 - 133?
-110
In base 15, what is -e8 + b1?
-37
In base 11, what is 0 + 5095?
5095
In base 7, what is -5 + -35546?
-35554
In base 10, what is -722 + -272?
-994
In base 14, what is 46b9 - 7?
46b2
In base 5, what is -23430024 - 1?
-23430030
In base 6, what is 3023011 + 3?
3023014
In base 15, what is 82 + 13c?
1be
In base 7, what is 102 + 6260?
6362
In base 12, what is 314b0 - -4?
314b4
In base 4, what is -2 - -2001122102?
2001122100
In base 4, what is 1030031 - 1102?
1022323
In base 4, what is 303013020 - 1?
303013013
In base 12, what is -2799 - -a?
-278b
In base 10, what is 460 - -7937?
8397
In base 6, what is 231 - 110432?
-110201
In base 11, what is -40 + 19056?
19016
In base 3, what is 1 + 11101002002?
11101002010
In base 6, what is 200014 + -33?
155541
In base 10, what is 3 + 108793?
108796
In base 5, what is 3041413 - -3?
3041421
In base 10, what is 5 + -91957?
-91952
In base 10, what is -5 + -2549?
-2554
In base 7, what is 523213 + 1?
523214
In base 6, what is -23 - -10213?
10150
In base 5, what is -133203320 - 2?
-133203322
In base 2, what is -110011010010000 - 10?
-110011010010010
In base 6, what is 12 + 124?
140
In base 12, what is -5b - 132?
-191
In base 12, what is 6b3b4 - 2?
6b3b2
In base 2, what is -10000111 - 11010001?
-101011000
In base 13, what is 1a40 - 16?
1a27
In base 4, what is 13022 + -1100?
11322
In base 10, what is -4 - -43002?
42998
In base 4, what is 13221103300 + -3?
13221103231
In base 11, what is 0 + -5851?
-5851
In base 5, what is 2 + 1133433?
1133440
In base 15, what is 95 + 66?
10b
In base 11, what is 71 - -298a?
2a50
In base 2, what is -101100 + -1111001?
-10100101
In base 5, what is 2 + 21002200?
21002202
In base 8, what is -6 + 141320?
141312
In base 4, what is 1131 - 1021?
110
In base 5, what is 42422 - -104?
43031
In base 2, what is -1 + 10111100111011100?
10111100111011011
In base 11, what is -5 + 6a43?
6a39
In base 14, what is 5 + -99c0?
-99b9
In base 10, what is -10 + 4852?
4842
In base 14, what is 8537 - 2?
8535
In base 16, what is -1404 - -1d?
-13e7
In base 4, what is -113202100 - 11?
-113202111
In base 16, what is 3778 + -6?
3772
In base 15, what is 3315 + 16?
332b
In base 13, what is -4 - 6cc?
-703
In base 3, what is -20100022 + -10?
-20100102
In base 7, what is -2111141 + -1?
-2111142
In base 15, what is -13 + 42201?
421dd
In b